+ 5. Determine i(f).
1
Let w be (-1)/3*(2 - 8). Suppose -w*j + 11 = -5. Let d = -11 + j. Let n(v) = -v + 3. What is n(d)?
6
Let z = 2 + 2. Let n(v) = v**2 + 1. Let m be n(0). Let d be 3/((-2)/z - m). Let c(w) = w**2 + 5*w + 3. What is c(d)?
-3
Let q(n) be the third derivative of -1/8*n**4 + 0*n - 1/6*n**3 - 4*n**2 + 0. What is q(-1)?
2
Let l(g) = -1 + 3*g + 3 + 0*g. Let i(y) be the third derivative of -y**4/24 - y**3/2 + 2*y**2. Let j be i(0). What is l(j)?
-7
Let b(k) = -2*k + 1. Let x be b(1). Let f be 2 - x/(-2 - -1). Let r(g) = 5*g - 1 - f + 0 + g**2. What is r(-5)?
-2
Let q(c) be the first derivative of -3 - 4*c + 1/2*c**2 + 1/3*c**3. What is q(-3)?
2
Let x(n) be the second derivative of -1/6*n**4 + 1/6*n**3 + 4*n + 2*n**2 + 0. Let j(t) be the first derivative of x(t). Give j(1).
-3
Let y(g) = -g**2 + 8*g. Let f(a) = -a. Let r(m) = 3*m + 7. Let u(i) = -6*f(i) - r(i). Let s be u(5). Let n be y(s). Let z(b) = -b**3 - b**2 - 7. What is z(n)?
-7
Let a(p) = 3 + p**3 + p + 5 - 10*p**2 + 10*p**3. Let f(j) = -5*j**3 + 5*j**2 - j - 4. Let g(s) = -4*a(s) - 9*f(s). Suppose 4*d + 8 = 6*d. What is g(d)?
8
Let v(l) = -l**2. Let i(j) = j**3 + 3*j**2 - 9*j - 8. Let m(s) = i(s) - 3*v(s). Let h = 14 + -21. Determine m(h).
6
Let s(x) = -x**2 + 9*x - 9. Let l be s(6). Let r(q) = -2*q - 3. What is r(l)?
-21
Let f(a) = -5*a + a + 7*a**3 + 2*a + 6*a - a**2. Let m(h) = -13*h**3 + h**2 - 8*h. Let y(i) = -11*f(i) - 6*m(i). Give y(-3).
6
Let m(g) = -g**2 + g + 1. Suppose 0 = -0*h + h - 14. Let o = -7 + h. Suppose o*w - 6 = 4*w. Determine m(w).
-1
Let k(u) = u**3 + 13*u + 5. Let b(x) = -x**2 + x. Let p(i) = 6*b(i) - k(i). Give p(-4).
-9
Let o(b) be the first derivative of 2/3*b**3 - 1/20*b**5 - 2 + 0*b**2 + 0*b + 1/24*b**4. Let w(r) be the third derivative of o(r). Determine w(1).
-5
Let k(n) = 9*n. Let i be (12/16)/((-6)/(-16)). Give k(i).
18
Let v(x) = 8*x - 3*x**2 - 2*x**2 + 4*x**2 - 2. Let g = 30 + -22. Let u be v(g). Let o(l) = 2*l + 2. Calculate o(u).
-2
Let w be (1 + -2)/((-3)/12). Let g(i) be the first derivative of -2 + 1/2*i**2 - 1/3*i**3 + 3*i. Determine g(w).
-9
Let h(o) = 1 + o**3 - 2 - 5*o**2 + 3 + 3*o. Let q be (0 + 3)/3*3. What is h(q)?
-7
Let j(s) = 2 + 3*s + 4*s - 6*s. Determine j(-4).
-2
Suppose 2*y + 0*y + x - 6 = 0, -y = -5*x - 14. Let h(k) = k**3 - 4*k**2 - 2*k + 3. Calculate h(y).
-5
Suppose 4*a + 3 - 15 = 0, 2*z = 2*a. Let o(g) = g**2 + 2*g + 4. Calculate o(z).
19
Suppose 0 = 2*w + 15*h - 11*h - 2, -5 = w - h. Let o(y) = y**3 + 4*y**2 + 4*y + 1. Determine o(w).
-2
Suppose 0 = 2*l - p - 3, 0*l - l + 2*p - 6 = 0. Suppose -10 = 3*o - l*o. Suppose -4*r = -2*r + 3*c + 6, -o = 5*r + 5*c. Let i(m) = m + 7. Determine i(r).
7
Let r be 15/(-3)*6/(-10). Suppose 0*s + 3 = 3*n + r*s, 4*s - 4 = 2*n. Let c(v) = -4*v**3 - v + 2*v**3 - 4 + n + 3*v**3. Give c(0).
-4
Suppose 0 = -2*t + 3*p - 4, t - 3*p = -0*t - 5. Suppose -t - 3 = -2*z. Let l(g) = -2 + 6*g + z + g**2. Give l(-5).
-5
Suppose -4*m = 12, 3*l - m = 2*m. Let a(r) = -2*r**2 - 3*r. What is a(l)?
-9
Let i(d) be the third derivative of d**5/60 - d**4/24 + d**3/6 - 2*d**2. Let a = -4 - -7. What is i(a)?
7
Let n(u) be the second derivative of -u**3/6 + u**2/2 + u. Suppose -1 = 3*y - 0*g + 5*g, -5*g = 10. Suppose -1 + y = -2*h. Give n(h).
2
Let w = 12 + -13. Let f(m) = 5*m**3 - m**2 - 2*m - 1. Calculate f(w).
-5
Let r be -4*(9/12 + 0). Let y = 5 + r. Let w(s) = -4*s**y - 4*s**2 + 2*s - 1 + 0 - s**2. What is w(1)?
-8
Let r(z) be the third derivative of z**6/120 + z**5/12 - 5*z**4/24 + z**3/2 + 6*z**2. Let c be r(-6). Let u(x) = x**3 + 2*x**2 - 3*x - 1. Determine u(c).
-1
Let u(q) be the first derivative of q**4/4 - 4*q**3/3 + 3*q**2/2 - 2*q - 8. Calculate u(4).
10
Let x = 17 + -7. Let o be (-14)/(-4)*12/21. Let q(a) = -2*a + x*a**o + a - 2*a**2. What is q(-1)?
9
Suppose 5*d = -3*h - 6, -3*h + d - 38 = 2*h. Let v = 8 + h. Let u(r) = -3*r**2 - v + r + 5 + r**2 + 3*r**2. What is u(0)?
4
Suppose n = -5*v + 27, 33 = -0*v + 4*v - 3*n. Let q(b) = -b**2 + 7*b - 3. Calculate q(v).
3
Let a(o) be the third derivative of o**5/60 - o**3/3 + 5*o**2. Determine a(3).
7
Let q(c) = -2*c**2 - 17*c - 7. Let x be q(-8). Let f(n) = 18*n**3. Give f(x).
18
Let v be (-8)/(-6) + 10/15. Let b(k) = -3*k + 3. What is b(v)?
-3
Let y(j) = 6*j - 2*j - 2 - j. Suppose -5 = 3*b + 16. Let g be 2/(-7) + (-16)/b. What is y(g)?
4
Let o(r) = -r**2. Let w be o(0). Suppose w = -c - 4*c - 5. Let h(u) = 2*u**3 + 1. Give h(c).
-1
Let t(b) = 11*b - 4 - 15*b + 44*b**2 - 89*b**2 + 44*b**2. Let l be (0 + -10)*(-3)/(-6). Calculate t(l).
-9
Let n = -3 + 11. Let b(w) = w**2 - 8*w - 6. What is b(n)?
-6
Let a(k) be the first derivative of 1 + 0*k - k**3 + 0*k**2 + 1/8*k**4 - 1/360*k**6 + 1/40*k**5. Let m(r) be the third derivative of a(r). Calculate m(3).
3
Let o(t) = t**3 + 4*t**2 + 5*t + 4. Let f(g) = -g**2 + g + 2. Let i be f(-3). Let a be 1/5 - (-32)/i. Calculate o(a).
-2
Let n(m) = -2*m - 5. Let j(x) = -2*x**2 + x + 1. Let l be j(2). Give n(l).
5
Let y(c) = -c**2 - c - 1. Let v be 3*3/(-9)*2. What is y(v)?
-3
Let y(q) = q**3 + 6*q**2 + 5*q + 2. Suppose 0 = -6*z + z + 15. Suppose 7*c = z*c + 2*r - 24, -3*c - 5*r - 5 = 0. What is y(c)?
2
Let q(r) be the second derivative of -r**4/12 + 4*r**3/3 - 3*r**2/2 + 6*r. Let i = -8 - -14. What is q(i)?
9
Let x be ((-4)/5)/((-2)/15). Suppose x*u - 20 = 2*u. Let s(r) = -2*r**2 + 2*r**2 + u + r**3 + 5*r**2 + 4*r. Determine s(-4).
5
Let t(s) = -s + 3. Suppose 0 = -7*j + 4*j + 9. Calculate t(j).
0
Let f(w) = -16 + w + 8 - w**2 + 9*w. Determine f(6).
16
Let k(j) = -2*j**2 - 3*j - 6. Let g(d) = d**2 + 1. Suppose -c = -0*w + 4*w + 15, 3*c - 3 = 0. Let h(n) = w*g(n) - k(n). Determine h(3).
-7
Let l(z) = 13 + 3 - 4*z - 10*z - 2 - z**2. Let j be l(-15). Let y(u) = 5*u**3 + 2*u + 1. Calculate y(j).
-6
Let s(t) = t**3 - 6*t**2 + 8*t - 7. Suppose 0*v = -v + 45. Suppose -57 = -3*c - 3*a, -4*c + v = -c - a. Suppose -5*b + 35 = 2*x, -6 = b + x - c. Give s(b).
8
Let j(h) = h**2 + 2*h + 2. Let v be 0 + -1 - (2 + -1). Let s(x) = -x**2 - 3*x - 3. Let p(z) = v*j(z) - 3*s(z). Determine p(-4).
1
Let u be (-15)/6*(-16)/10. Suppose 4*z - u = 4. Let q(y) = -y**2 - 2*y + 1 + 4*y + 2*y. Determine q(z).
5
Let y(k) = -2*k - 6. Suppose 4*f = -2*i - 29 - 13, i + 37 = -4*f. Let q(a) = a**3 + 3*a**2 - 2*a + 4. Let m be q(-4). Let h = f - m. Give y(h).
2
Let r(z) = -z**3 + 5*z**2 - 6*z + 5. Let q = 13 - 9. Suppose -5*f + g = -22, 0*f + 2*g - q = -2*f. Determine r(f).
-3
Let k(c) = -c - 6. Let o(s) = -s - 7. Let y(j) = -6*k(j) + 5*o(j). Let z(i) = -4*i - 16. Let u be z(-9). Let g = u - 20. Calculate y(g).
1
Let u(o) = -8*o**2 + 1. Let z be (2*-1)/(0 - -2). Let c = z - -2. Determine u(c).
-7
Let f(x) be the second derivative of -x + 0 - 5/6*x**3 - 1/6*x**4 + x**2. Give f(-4).
-10
Let h(n) = -5*n + 3. Let x(g) = 6*g - 3. Let r(f) = -7*h(f) - 6*x(f). Determine r(-4).
1
Let b(t) = -t**3 - 2*t**2 - 2*t - 6. Let o be 20/5 + 1*-1. Let y(n) = -n**3 - n**2 - n - 7. Let x(r) = o*b(r) - 2*y(r). Give x(-3).
-1
Let h(q) = 3*q**2 - 4*q + 3. Let a be 6*((-9)/6 - -2) + -1. Give h(a).
7
Suppose 2*a - 5*j - 4 - 3 = 0, 4*a + 5*j + 31 = 0. Let k = a + 4. Let r(y) be the first derivative of y**3/3 - y**2/2 + 8*y - 2. Determine r(k).
8
Let v be ((-3)/2)/((-9)/12). Let j(h) be the third derivative of -h**6/60 + h**5/60 + h**3/3 + 32*h**2. Determine j(v).
-10
Let x = 4 - 2. Let s(n) = n**3 + n**2 - 11*n**3 - 2 + 2*n + 9*n**3. Give s(x).
-2
Let k(g) be the third derivative of -g**5/60 - g**4/8 + 2*g**2 - 10. Give k(-6).
-18
Suppose 4*d - 16 = 3*c - 2, -3*d = -15. Let m(o) = 2*o**3 - 5*o + 1. Let g(r) = 3*r**3 - r**2 - 6*r + 2. Let f(q) = -3*g(q) + 4*m(q). Determine f(c).
-2
Let k(r) be the third derivative of -r**6/120 + r**5/15 - r**3/3 + r**2. Let y(f) = 0 + 0 - 4 - 2*f + 0*f. Let d be y(-4). Determine k(d).
-2
Let h(g) = -2 + 1 + 0*g**2 + 5*g + g**2. Suppose 2*z - 4*i + 4 = 0, i = 5*z + 3*i - 38. Let t = 1 - z. Determine h(t).
-1
Let j(v) = -v - v + v**3 + 2 + 3*v + 3*v**2 + v. Calculate j(-3).
-4
Let g(j) = -2*j - 5. Let c(q) = -q**3 - 17*q**2 + 20*q + 31. Let a be c(-18). Calculate g(a).
5
Let d(w) = 1. Let f(y) = y - 3. Let p(l) = 6*d(l) + f(l). Suppose 0 = 3*u - 7*u. Suppose 0*c - 4*c = u. Calculate p(c).
3
Let n(u) = -u**2 - 4*u. Let m(a) = 5*a - 9. Let q be m(1). 